{"id":785,"date":"2025-11-05T17:40:51","date_gmt":"2025-11-05T16:40:51","guid":{"rendered":"https:\/\/epicesdu237.com\/?post_type=product&#038;p=785"},"modified":"2025-11-05T17:40:51","modified_gmt":"2025-11-05T16:40:51","slug":"dattes-fraiches","status":"publish","type":"product","link":"https:\/\/epicesdu237.com\/?product=dattes-fraiches","title":{"rendered":"Dattes fraiches"},"content":{"rendered":"<p>Les dattes sont un fruit tr\u00e8s nutritif et riche en vertus, voici quelques-unes de leurs propri\u00e9t\u00e9s b\u00e9n\u00e9fiques :<\/p>\n<ul>\n<li><strong>Riche en fibres<\/strong> : les dattes sont une excellente source de fibres, ce qui les rend id\u00e9ales pour am\u00e9liorer la sant\u00e9 digestive et pr\u00e9venir la constipation.<\/li>\n<li><strong>Antioxydantes<\/strong> : les dattes contiennent des antioxydants qui aident \u00e0 prot\u00e9ger les cellules contre les dommages caus\u00e9s par les radicaux libres.<\/li>\n<li><strong>Riche en potassium<\/strong> : les dattes sont une excellente source de potassium, ce qui les rend id\u00e9ales pour r\u00e9guler la pression art\u00e9rielle et am\u00e9liorer la sant\u00e9 cardiaque.<\/li>\n<li><strong>Source d&rsquo;\u00e9nergie<\/strong> : les dattes sont une excellente source d&rsquo;\u00e9nergie, ce qui les rend id\u00e9ales pour les sportifs et les personnes qui ont besoin d&rsquo;un coup de boost.<\/li>\n<li><strong>Am\u00e9liore la sant\u00e9 osseuse<\/strong> : les dattes contiennent du calcium, du phosphore et du magn\u00e9sium, ce qui les rend id\u00e9ales pour am\u00e9liorer la sant\u00e9 osseuse et pr\u00e9venir l&rsquo;ost\u00e9oporose.<\/li>\n<li><strong>Aide \u00e0 la perte de poids<\/strong> : les dattes sont faibles en calories et riches en fibres, ce qui les rend id\u00e9ales pour aider \u00e0 la perte de poids.<\/li>\n<li><strong>Am\u00e9liore la sant\u00e9 digestive<\/strong> : les dattes contiennent des enzymes qui aident \u00e0 dig\u00e9rer les aliments et \u00e0 am\u00e9liorer la sant\u00e9 digestive.<\/li>\n<li><strong>Riche en vitamines et min\u00e9raux<\/strong> : les dattes sont une excellente source de vitamines et de min\u00e9raux, tels que la vitamine B6, le magn\u00e9sium et le fer.<\/li>\n<li><strong>Aide \u00e0 r\u00e9duire le stress<\/strong> : les dattes contiennent des compos\u00e9s qui aident \u00e0 r\u00e9duire le stress et \u00e0 am\u00e9liorer la sant\u00e9 mentale.<\/li>\n<li><strong>Peut aider \u00e0 pr\u00e9venir les maladies chroniques<\/strong> : les dattes contiennent des antioxydants et des compos\u00e9s qui peuvent aider \u00e0 pr\u00e9venir les maladies chroniques, telles que le diab\u00e8te et les maladies cardiaques.<\/li>\n<\/ul>\n","protected":false},"excerpt":{"rendered":"<p>Les dattes sont un fruit tr\u00e8s nutritif et riche en vertus, voici quelques-unes de leurs propri\u00e9t\u00e9s b\u00e9n\u00e9fiques : Riche en&hellip;<\/p>\n","protected":false},"featured_media":782,"comment_status":"open","ping_status":"closed","template":"","meta":[],"product_brand":[],"product_cat":[36],"product_tag":[],"class_list":{"0":"post-785","1":"product","2":"type-product","3":"status-publish","4":"has-post-thumbnail","6":"product_cat-fruits","8":"first","9":"instock","10":"taxable","11":"shipping-taxable","12":"purchasable","13":"product-type-variable"},"jetpack_sharing_enabled":true,"_links":{"self":[{"href":"https:\/\/epicesdu237.com\/index.php?rest_route=\/wp\/v2\/product\/785","targetHints":{"allow":["GET"]}}],"collection":[{"href":"https:\/\/epicesdu237.com\/index.php?rest_route=\/wp\/v2\/product"}],"about":[{"href":"https:\/\/epicesdu237.com\/index.php?rest_route=\/wp\/v2\/types\/product"}],"replies":[{"embeddable":true,"href":"https:\/\/epicesdu237.com\/index.php?rest_route=%2Fwp%2Fv2%2Fcomments&post=785"}],"wp:featuredmedia":[{"embeddable":true,"href":"https:\/\/epicesdu237.com\/index.php?rest_route=\/wp\/v2\/media\/782"}],"wp:attachment":[{"href":"https:\/\/epicesdu237.com\/index.php?rest_route=%2Fwp%2Fv2%2Fmedia&parent=785"}],"wp:term":[{"taxonomy":"product_brand","embeddable":true,"href":"https:\/\/epicesdu237.com\/index.php?rest_route=%2Fwp%2Fv2%2Fproduct_brand&post=785"},{"taxonomy":"product_cat","embeddable":true,"href":"https:\/\/epicesdu237.com\/index.php?rest_route=%2Fwp%2Fv2%2Fproduct_cat&post=785"},{"taxonomy":"product_tag","embeddable":true,"href":"https:\/\/epicesdu237.com\/index.php?rest_route=%2Fwp%2Fv2%2Fproduct_tag&post=785"}],"curies":[{"name":"wp","href":"https:\/\/api.w.org\/{rel}","templated":true}]}}