{"id":892,"date":"2026-02-22T15:30:33","date_gmt":"2026-02-22T14:30:33","guid":{"rendered":"https:\/\/epicesdu237.com\/?post_type=product&#038;p=892"},"modified":"2026-02-22T15:30:33","modified_gmt":"2026-02-22T14:30:33","slug":"oignon-rouge-moulu","status":"publish","type":"product","link":"https:\/\/epicesdu237.com\/?product=oignon-rouge-moulu","title":{"rendered":"Oignon Rouge Moulu"},"content":{"rendered":"<p>L\u2019oignon rouge moulu est une alternative pratique et savoureuse \u00e0 l&rsquo;oignon frais. Contrairement \u00e0 l&rsquo;oignon jaune ou blanc en poudre, il apporte une nuance l\u00e9g\u00e8rement plus douce et profonde \u00e0 vos pr\u00e9parations.<\/p>\n<p>il est fait avec beaucoup d&rsquo;attention<\/p>\n<p>sans additifs, sans conservateur juste les oignons rouges<\/p>\n","protected":false},"excerpt":{"rendered":"<p>L\u2019oignon rouge moulu est une alternative pratique et savoureuse \u00e0 l&rsquo;oignon frais. Contrairement \u00e0 l&rsquo;oignon jaune ou blanc en poudre,&hellip;<\/p>\n","protected":false},"featured_media":893,"comment_status":"open","ping_status":"closed","template":"","meta":[],"product_brand":[],"product_cat":[46],"product_tag":[],"class_list":{"0":"post-892","1":"product","2":"type-product","3":"status-publish","4":"has-post-thumbnail","6":"product_cat-poudre","8":"first","9":"instock","10":"taxable","11":"shipping-taxable","12":"purchasable","13":"product-type-variable"},"jetpack_sharing_enabled":true,"_links":{"self":[{"href":"https:\/\/epicesdu237.com\/index.php?rest_route=\/wp\/v2\/product\/892","targetHints":{"allow":["GET"]}}],"collection":[{"href":"https:\/\/epicesdu237.com\/index.php?rest_route=\/wp\/v2\/product"}],"about":[{"href":"https:\/\/epicesdu237.com\/index.php?rest_route=\/wp\/v2\/types\/product"}],"replies":[{"embeddable":true,"href":"https:\/\/epicesdu237.com\/index.php?rest_route=%2Fwp%2Fv2%2Fcomments&post=892"}],"wp:featuredmedia":[{"embeddable":true,"href":"https:\/\/epicesdu237.com\/index.php?rest_route=\/wp\/v2\/media\/893"}],"wp:attachment":[{"href":"https:\/\/epicesdu237.com\/index.php?rest_route=%2Fwp%2Fv2%2Fmedia&parent=892"}],"wp:term":[{"taxonomy":"product_brand","embeddable":true,"href":"https:\/\/epicesdu237.com\/index.php?rest_route=%2Fwp%2Fv2%2Fproduct_brand&post=892"},{"taxonomy":"product_cat","embeddable":true,"href":"https:\/\/epicesdu237.com\/index.php?rest_route=%2Fwp%2Fv2%2Fproduct_cat&post=892"},{"taxonomy":"product_tag","embeddable":true,"href":"https:\/\/epicesdu237.com\/index.php?rest_route=%2Fwp%2Fv2%2Fproduct_tag&post=892"}],"curies":[{"name":"wp","href":"https:\/\/api.w.org\/{rel}","templated":true}]}}