{"id":905,"date":"2026-04-04T16:46:42","date_gmt":"2026-04-04T14:46:42","guid":{"rendered":"https:\/\/epicesdu237.com\/?post_type=product&#038;p=905"},"modified":"2026-04-04T16:46:42","modified_gmt":"2026-04-04T14:46:42","slug":"racine-de-siwak","status":"publish","type":"product","link":"https:\/\/epicesdu237.com\/?product=racine-de-siwak","title":{"rendered":"Racine de Siwak"},"content":{"rendered":"<h2 dir=\"ltr\">\u200b\ud83c\udf3f <b>Le Siwak (Miswak) : Le Secret Naturel d\u2019un Sourire \u00c9clatant<\/b><\/h2>\n<p dir=\"ltr\">\u200bIssu de l\u2019arbuste <i>Salvadora persica<\/i>, le <b>Siwak<\/b> est utilis\u00e9 depuis des mill\u00e9naires pour l&rsquo;hygi\u00e8ne buccale. V\u00e9ritable alternative \u00e9cologique et biologique \u00e0 la brosse \u00e0 dents classique, il est un tr\u00e9sor de bienfaits pour votre sant\u00e9 dentaire.<\/p>\n<h3 dir=\"ltr\">\u200b\u2728 <b>Ses Bienfaits Exceptionnels<\/b><\/h3>\n<ul>\n<li dir=\"ltr\">\u200b<b>Nettoyage profond :<\/b> \u00c9limine la plaque dentaire et combat les bact\u00e9ries responsables de la mauvaise haleine.<\/li>\n<li dir=\"ltr\">\u200b<b>Blanchiment naturel :<\/b> Aide \u00e0 r\u00e9duire les taches de caf\u00e9, de th\u00e9 ou de tabac pour des dents plus blanches.<\/li>\n<li dir=\"ltr\">\u200b<b>Soin des gencives :<\/b> Renforce les gencives et pr\u00e9vient les saignements gr\u00e2ce \u00e0 ses propri\u00e9t\u00e9s astringentes.<\/li>\n<li dir=\"ltr\">\u200b<b>Richesse min\u00e9rale :<\/b> Contient naturellement du fluor, de la vitamine C, du silicium et du calcium.<\/li>\n<\/ul>\n","protected":false},"excerpt":{"rendered":"<p>\u200b\ud83c\udf3f Le Siwak (Miswak) : Le Secret Naturel d\u2019un Sourire \u00c9clatant \u200bIssu de l\u2019arbuste Salvadora persica, le Siwak est utilis\u00e9&hellip;<\/p>\n","protected":false},"featured_media":907,"comment_status":"open","ping_status":"closed","template":"","meta":[],"product_brand":[],"product_cat":[39],"product_tag":[],"class_list":{"0":"post-905","1":"product","2":"type-product","3":"status-publish","4":"has-post-thumbnail","6":"product_cat-ecorce","8":"first","9":"instock","10":"taxable","11":"shipping-taxable","12":"purchasable","13":"product-type-variable"},"jetpack_sharing_enabled":true,"_links":{"self":[{"href":"https:\/\/epicesdu237.com\/index.php?rest_route=\/wp\/v2\/product\/905","targetHints":{"allow":["GET"]}}],"collection":[{"href":"https:\/\/epicesdu237.com\/index.php?rest_route=\/wp\/v2\/product"}],"about":[{"href":"https:\/\/epicesdu237.com\/index.php?rest_route=\/wp\/v2\/types\/product"}],"replies":[{"embeddable":true,"href":"https:\/\/epicesdu237.com\/index.php?rest_route=%2Fwp%2Fv2%2Fcomments&post=905"}],"wp:featuredmedia":[{"embeddable":true,"href":"https:\/\/epicesdu237.com\/index.php?rest_route=\/wp\/v2\/media\/907"}],"wp:attachment":[{"href":"https:\/\/epicesdu237.com\/index.php?rest_route=%2Fwp%2Fv2%2Fmedia&parent=905"}],"wp:term":[{"taxonomy":"product_brand","embeddable":true,"href":"https:\/\/epicesdu237.com\/index.php?rest_route=%2Fwp%2Fv2%2Fproduct_brand&post=905"},{"taxonomy":"product_cat","embeddable":true,"href":"https:\/\/epicesdu237.com\/index.php?rest_route=%2Fwp%2Fv2%2Fproduct_cat&post=905"},{"taxonomy":"product_tag","embeddable":true,"href":"https:\/\/epicesdu237.com\/index.php?rest_route=%2Fwp%2Fv2%2Fproduct_tag&post=905"}],"curies":[{"name":"wp","href":"https:\/\/api.w.org\/{rel}","templated":true}]}}